{"id":97,"date":"2014-05-25T11:09:55","date_gmt":"2014-05-25T11:09:55","guid":{"rendered":"http:\/\/localhost:8888\/wordpress\/?page_id=97"},"modified":"2025-06-29T15:21:27","modified_gmt":"2025-06-29T13:21:27","slug":"mitglied-werden","status":"publish","type":"page","link":"https:\/\/wir-frangenheimer.de\/?page_id=97","title":{"rendered":"Mitglied werden"},"content":{"rendered":"<div>\n<h1>Mitglied werden<\/h1>\n<\/div>\n<ul>\n<li>Mitglied kann jede Person werden, die in Frangenheim wohnt und das 10. Lebensjahr vollendet hat.<\/li>\n<li>\u00dcber den schriftlichen Aufnahmeantrag entscheidet der Vorstand. F\u00fcr die Minderj\u00e4hrigen beantragen die Eltern die Aufnahme.<\/li>\n<li>Die Aufgaben der Mitglieder sind F\u00f6rderung und Unterst\u00fctzung des Vereinszwecks.<\/li>\n<li>Der Austritt aus dem Verein ist zu jedem Quartalsende zul\u00e4ssig. Er erfolgt durch schriftliche Erkl\u00e4rung gegen\u00fcber einem Vorstandsmitglied.<\/li>\n<li>Neben der Einzelmitgliedschaft besteht die M\u00f6glichkeit der Familienmitgliedschaft.<\/li>\n<li>Der Mitgliedsbeitrag f\u00fcr:\n<ul>\n<li>Einzelpersonen betr\u00e4gt\u00a0 8\u20ac<\/li>\n<li>f\u00fcr Familien\u00a0 \u00a0 \u00a0 \u00a0 \u00a0 \u00a0 \u00a0 \u00a0 \u00a0 12\u20ac.<\/li>\n<\/ul>\n<\/li>\n<\/ul>\n<p>im Jahr.<\/p>\n<p>\u2192<a href=\"http:\/\/wir-frangenheimer.de\/wp-content\/uploads\/2025\/06\/Mitgliedsantrag_Juni_2025.pdf\"> Mitgliedsantrag<\/a><\/p>\n<p>Bei R\u00fcckfragen steht der <a title=\"Vereinsstruktur\" href=\"http:\/\/wir-frangenheimer.de\/?page_id=54\">Vorstand<\/a> gerne zur Verf\u00fcgung.<\/p>\n<p><span style=\"color: #ffffff;\">Zusammensetzung \u00e4ndern<\/span><br \/>\n<span style=\"color: #ffffff;\">Auswechslungen als Teil eines Teams in eSports haben einen viel gr\u00f6\u00dferen Einfluss auf die Qualit\u00e4t des Spiels als in einer anderen\u00a0<a style=\"color: #ffffff;\" href=\"https:\/\/esportzbet.com\">https:\/\/esportzbet.com<\/a> Sportart. Wenn zum Beispiel im Fu\u00dfball in den meisten F\u00e4llen nur das Fehlen von Schl\u00fcsselspielern erkennbar ist, verringert das Fehlen eines Spielers in eSports die Gewinnchancen der Mannschaft erheblich.<\/span><\/p>\n<p><span style=\"color: #ffffff;\">Die Spieler trainieren 15 Stunden am Tag, verbringen viel Zeit miteinander und kennen die Taktik sehr gut. Sobald ein Spieler aus einem Team ausscheidet, kommt es zu Missverst\u00e4ndnissen, und die Leistung eines Duells nimmt in der Regel ab. In einer solchen Situation hat sogar ein durchschnittliches Team gute Gewinnchancen f\u00fcr Spitzenspieler, einschlie\u00dflich einiger \u00c4nderungen in der Zusammensetzung.<\/span><\/p>\n","protected":false},"excerpt":{"rendered":"<p>Mitglied werden Mitglied kann jede Person werden, die in Frangenheim wohnt und das 10. Lebensjahr vollendet hat. \u00dcber den schriftlichen Aufnahmeantrag entscheidet der Vorstand. F\u00fcr die Minderj\u00e4hrigen beantragen die Eltern die Aufnahme. Die Aufgaben der Mitglieder sind F\u00f6rderung und Unterst\u00fctzung &hellip; <a href=\"https:\/\/wir-frangenheimer.de\/?page_id=97\">Weiterlesen <span class=\"meta-nav\">&rarr;<\/span><\/a><\/p>\n","protected":false},"author":1,"featured_media":0,"parent":0,"menu_order":0,"comment_status":"closed","ping_status":"closed","template":"sidebar-page.php","meta":{"_bbp_topic_count":0,"_bbp_reply_count":0,"_bbp_total_topic_count":0,"_bbp_total_reply_count":0,"_bbp_voice_count":0,"_bbp_anonymous_reply_count":0,"_bbp_topic_count_hidden":0,"_bbp_reply_count_hidden":0,"_bbp_forum_subforum_count":0,"footnotes":""},"class_list":["post-97","page","type-page","status-publish","hentry"],"jetpack_sharing_enabled":true,"_links":{"self":[{"href":"https:\/\/wir-frangenheimer.de\/index.php?rest_route=\/wp\/v2\/pages\/97","targetHints":{"allow":["GET"]}}],"collection":[{"href":"https:\/\/wir-frangenheimer.de\/index.php?rest_route=\/wp\/v2\/pages"}],"about":[{"href":"https:\/\/wir-frangenheimer.de\/index.php?rest_route=\/wp\/v2\/types\/page"}],"author":[{"embeddable":true,"href":"https:\/\/wir-frangenheimer.de\/index.php?rest_route=\/wp\/v2\/users\/1"}],"replies":[{"embeddable":true,"href":"https:\/\/wir-frangenheimer.de\/index.php?rest_route=%2Fwp%2Fv2%2Fcomments&post=97"}],"version-history":[{"count":7,"href":"https:\/\/wir-frangenheimer.de\/index.php?rest_route=\/wp\/v2\/pages\/97\/revisions"}],"predecessor-version":[{"id":9669,"href":"https:\/\/wir-frangenheimer.de\/index.php?rest_route=\/wp\/v2\/pages\/97\/revisions\/9669"}],"wp:attachment":[{"href":"https:\/\/wir-frangenheimer.de\/index.php?rest_route=%2Fwp%2Fv2%2Fmedia&parent=97"}],"curies":[{"name":"wp","href":"https:\/\/api.w.org\/{rel}","templated":true}]}}