{"id":621,"date":"2014-07-10T20:58:28","date_gmt":"2014-07-10T18:58:28","guid":{"rendered":"http:\/\/wir-frangenheimer.de\/?page_id=621"},"modified":"2024-04-29T10:22:56","modified_gmt":"2024-04-29T08:22:56","slug":"unsere-freunde-3","status":"publish","type":"page","link":"https:\/\/wir-frangenheimer.de\/?page_id=621","title":{"rendered":"unsere Freunde"},"content":{"rendered":"<p>Seit Jahren pflegen wir eine wundersch\u00f6ne Freundschaft mit einer Gesellschaft, die uns den Karneval der Region Aachen in einer beeindruckenden Weise n\u00e4her bringt.\u00a0 Wenn\u00a0 du\u00a0 mehr\u00a0 erfahren\u00a0 m\u00f6chtest,\u00a0 klicke\u00a0 auf\u00a0 das\u00a0 Bild.<a href=\"https:\/\/www.kg-lichtenbusch.de\/\"><img loading=\"lazy\" decoding=\"async\" class=\" wp-image-1424 aligncenter\" src=\"http:\/\/wir-frangenheimer.de\/wp-content\/uploads\/2015\/01\/oberforstbach-300x226.png\" alt=\"oberforstbach\" width=\"178\" height=\"136\" \/><\/a><\/p>\n<p>Wir sind gerne die n\u00f6rdliche Au\u00dfenstelle der IG Froitzheimer Karneval. Gemeinsam bilden wir ein starkes Team. Wir verstehen den Karneval als ein Fest der Menschen in ihrem Lebensraum. N\u00e4here Informationen durch klick auf das Bild.<\/p>\n<p>&nbsp;<\/p>\n<p><a href=\"http:\/\/www.igfroitzheimer-karneval.de\/Startseite\/\"><img loading=\"lazy\" decoding=\"async\" class=\" wp-image-1447 aligncenter\" src=\"http:\/\/wir-frangenheimer.de\/wp-content\/uploads\/2014\/07\/Wappen-mit-Hut-ohne-Hintergrund-300x2001-212x300.png\" alt=\"Wappen-mit-Hut-ohne-Hintergrund-300x200\" width=\"161\" height=\"225\" \/><\/a><\/p>\n<hr \/>\n<p>Wo gehen wir gerne hin um Freunde zu treffen? Sei es die Botterrammstour oder zum Fr\u00fchschoppen in Golzheim. Die IG Golzheim\u00a0 &#8222;Wir hahle Poohl&#8220; ist immer eine\u00a0 Reise Wert.\u00a0<a href=\"http:\/\/www.weingartz.org\/MirHahlePoohl\/\"><br \/>\n<\/a><a href=\"https:\/\/kg-mir-hahle-poohl.de\/\"><img loading=\"lazy\" decoding=\"async\" class=\" wp-image-1454 aligncenter\" src=\"http:\/\/wir-frangenheimer.de\/wp-content\/uploads\/2014\/07\/Golzheim_logo-300x300.gif\" alt=\"Golzheim_logo\" width=\"190\" height=\"190\" srcset=\"https:\/\/wir-frangenheimer.de\/wp-content\/uploads\/2014\/07\/Golzheim_logo-300x300.gif 300w, https:\/\/wir-frangenheimer.de\/wp-content\/uploads\/2014\/07\/Golzheim_logo-150x150.gif 150w\" sizes=\"auto, (max-width: 190px) 100vw, 190px\" \/><\/a><\/p>\n<p>In unmittelbarer N\u00e4he zu unserem Wohnort, ist die St. Sebastianus-Sch\u00fctzenbruderschaft Froitzheim beheimatet. Das Sch\u00fctzenfest und der Umzug durch den Ort sind jedes Jahr ein besonderer H\u00f6hepunkt in unserem Lebesraum.<\/p>\n<p><a href=\"https:\/\/www.schuetzen-froitzheim-frangenheim.de\/\" target=\"_blank\" rel=\"noopener\"><img loading=\"lazy\" decoding=\"async\" class=\" wp-image-9366 aligncenter\" src=\"http:\/\/wir-frangenheimer.de\/wp-content\/uploads\/2024\/04\/Schuetzen-Wappen_1.jpg\" alt=\"\" width=\"192\" height=\"237\" \/><\/a><\/p>\n<p>&nbsp;<\/p>\n","protected":false},"excerpt":{"rendered":"<p>Seit Jahren pflegen wir eine wundersch\u00f6ne Freundschaft mit einer Gesellschaft, die uns den Karneval der Region Aachen in einer beeindruckenden Weise n\u00e4her bringt.\u00a0 Wenn\u00a0 du\u00a0 mehr\u00a0 erfahren\u00a0 m\u00f6chtest,\u00a0 klicke\u00a0 auf\u00a0 das\u00a0 Bild. Wir sind gerne die n\u00f6rdliche Au\u00dfenstelle der IG &hellip; <a href=\"https:\/\/wir-frangenheimer.de\/?page_id=621\">Weiterlesen <span class=\"meta-nav\">&rarr;<\/span><\/a><\/p>\n","protected":false},"author":2,"featured_media":0,"parent":0,"menu_order":0,"comment_status":"closed","ping_status":"closed","template":"","meta":{"_bbp_topic_count":0,"_bbp_reply_count":0,"_bbp_total_topic_count":0,"_bbp_total_reply_count":0,"_bbp_voice_count":0,"_bbp_anonymous_reply_count":0,"_bbp_topic_count_hidden":0,"_bbp_reply_count_hidden":0,"_bbp_forum_subforum_count":0,"footnotes":""},"class_list":["post-621","page","type-page","status-publish","hentry"],"jetpack_sharing_enabled":true,"_links":{"self":[{"href":"https:\/\/wir-frangenheimer.de\/index.php?rest_route=\/wp\/v2\/pages\/621","targetHints":{"allow":["GET"]}}],"collection":[{"href":"https:\/\/wir-frangenheimer.de\/index.php?rest_route=\/wp\/v2\/pages"}],"about":[{"href":"https:\/\/wir-frangenheimer.de\/index.php?rest_route=\/wp\/v2\/types\/page"}],"author":[{"embeddable":true,"href":"https:\/\/wir-frangenheimer.de\/index.php?rest_route=\/wp\/v2\/users\/2"}],"replies":[{"embeddable":true,"href":"https:\/\/wir-frangenheimer.de\/index.php?rest_route=%2Fwp%2Fv2%2Fcomments&post=621"}],"version-history":[{"count":31,"href":"https:\/\/wir-frangenheimer.de\/index.php?rest_route=\/wp\/v2\/pages\/621\/revisions"}],"predecessor-version":[{"id":9397,"href":"https:\/\/wir-frangenheimer.de\/index.php?rest_route=\/wp\/v2\/pages\/621\/revisions\/9397"}],"wp:attachment":[{"href":"https:\/\/wir-frangenheimer.de\/index.php?rest_route=%2Fwp%2Fv2%2Fmedia&parent=621"}],"curies":[{"name":"wp","href":"https:\/\/api.w.org\/{rel}","templated":true}]}}