{"id":5566,"date":"2017-01-22T22:28:23","date_gmt":"2017-01-22T20:28:23","guid":{"rendered":"http:\/\/wir-frangenheimer.de\/?page_id=5566"},"modified":"2024-04-29T10:07:05","modified_gmt":"2024-04-29T08:07:05","slug":"karneval","status":"publish","type":"page","link":"https:\/\/wir-frangenheimer.de\/?page_id=5566","title":{"rendered":"Karneval"},"content":{"rendered":"<p>Liebe Karnevalsfreunde,<img loading=\"lazy\" decoding=\"async\" class=\"alignright\" src=\"http:\/\/www.karnevalslieder.de\/Karnevalslieder_Grafiken\/clowngeh.gif\" width=\"160\" height=\"201\" \/><\/p>\r\n<p>es macht einfach nur Spa\u00df in der Gemeinschaft auch Karneval zu feiern. Es w\u00e4re sehr sch\u00f6n wenn Ihr mit dabei sein w\u00fcrdet, wenn es hei\u00dft, Freunde in nah und fern zu besuchen. Meldet Euch bei den Vorstandsmitgliedern um n\u00e4here Einzelheiten zu erfragen.<\/p>\r\n<p>Probiere es doch einfach einmal aus. Wir freuen uns auf jeden Fall wenn Du dabei bist.<\/p>\r\n<p><a href=\"http:\/\/wir-frangenheimer.de\/wp-content\/uploads\/2017\/01\/Karneval_Veranstaltungen_Neu.png\">\u00a0<\/a><\/p>\r\n\r\n\r\n","protected":false},"excerpt":{"rendered":"<p>Liebe Karnevalsfreunde, es macht einfach nur Spa\u00df in der Gemeinschaft auch Karneval zu feiern. Es w\u00e4re sehr sch\u00f6n wenn Ihr mit dabei sein w\u00fcrdet, wenn es hei\u00dft, Freunde in nah und fern zu besuchen. Meldet Euch bei den Vorstandsmitgliedern um &hellip; <a href=\"https:\/\/wir-frangenheimer.de\/?page_id=5566\">Weiterlesen <span class=\"meta-nav\">&rarr;<\/span><\/a><\/p>\n","protected":false},"author":2,"featured_media":5571,"parent":0,"menu_order":1,"comment_status":"closed","ping_status":"closed","template":"","meta":{"_bbp_topic_count":0,"_bbp_reply_count":0,"_bbp_total_topic_count":0,"_bbp_total_reply_count":0,"_bbp_voice_count":0,"_bbp_anonymous_reply_count":0,"_bbp_topic_count_hidden":0,"_bbp_reply_count_hidden":0,"_bbp_forum_subforum_count":0,"footnotes":""},"class_list":["post-5566","page","type-page","status-publish","has-post-thumbnail","hentry"],"jetpack_sharing_enabled":true,"_links":{"self":[{"href":"https:\/\/wir-frangenheimer.de\/index.php?rest_route=\/wp\/v2\/pages\/5566","targetHints":{"allow":["GET"]}}],"collection":[{"href":"https:\/\/wir-frangenheimer.de\/index.php?rest_route=\/wp\/v2\/pages"}],"about":[{"href":"https:\/\/wir-frangenheimer.de\/index.php?rest_route=\/wp\/v2\/types\/page"}],"author":[{"embeddable":true,"href":"https:\/\/wir-frangenheimer.de\/index.php?rest_route=\/wp\/v2\/users\/2"}],"replies":[{"embeddable":true,"href":"https:\/\/wir-frangenheimer.de\/index.php?rest_route=%2Fwp%2Fv2%2Fcomments&post=5566"}],"version-history":[{"count":22,"href":"https:\/\/wir-frangenheimer.de\/index.php?rest_route=\/wp\/v2\/pages\/5566\/revisions"}],"predecessor-version":[{"id":9392,"href":"https:\/\/wir-frangenheimer.de\/index.php?rest_route=\/wp\/v2\/pages\/5566\/revisions\/9392"}],"wp:featuredmedia":[{"embeddable":true,"href":"https:\/\/wir-frangenheimer.de\/index.php?rest_route=\/wp\/v2\/media\/5571"}],"wp:attachment":[{"href":"https:\/\/wir-frangenheimer.de\/index.php?rest_route=%2Fwp%2Fv2%2Fmedia&parent=5566"}],"curies":[{"name":"wp","href":"https:\/\/api.w.org\/{rel}","templated":true}]}}